 120 divide 1980193?
False
Is 28 a factor of 16108064?
True
Is 3139344 a multiple of 48?
True
Does 46 divide 87538?
True
Does 106 divide 21942?
True
Is 23 a factor of 893964?
True
Is 8 a factor of 109032?
True
Is 34200 a multiple of 15?
True
Is 22 a factor of 1313141?
False
Is 28 a factor of 373296?
True
Is 155366 a multiple of 499?
False
Does 11 divide 394724?
True
Is 32 a factor of 91753?
False
Does 429 divide 426311?
False
Is 538059 a multiple of 129?
True
Is 12239426 a multiple of 379?
True
Is 3715692 a multiple of 2217?
True
Does 96 divide 677856?
True
Is 533 a factor of 1628848?
True
Is 137 a factor of 242429?
False
Does 3 divide 540968?
False
Does 40 divide 20324501?
False
Is 232029 a multiple of 87?
True
Is 5401111 a multiple of 137?
False
Does 399 divide 9576?
True
Is 37 a factor of 1184004?
False
Is 103 a factor of 311477?
False
Does 16 divide 673405?
False
Is 18 a factor of 1201392?
True
Is 185345 a multiple of 3?
False
Is 275 a factor of 2722775?
True
Is 466885 a multiple of 23?
False
Is 7 a factor of 15061?
False
Does 207 divide 4395337?
False
Is 16 a factor of 50928?
True
Is 169071 a multiple of 679?
True
Is 19 a factor of 1138123?
False
Does 21 divide 69720?
True
Is 870941 a multiple of 177?
False
Does 19 divide 1139537?
False
Is 103695 a multiple of 8?
False
Does 23 divide 2085065?
True
Is 59 a factor of 404681?
True
Does 26 divide 444444?
True
Does 514 divide 130042?
True
Is 380 a multiple of 10?
True
Does 57 divide 1343002?
False
Is 4144700 a multiple of 434?
True
Is 8816824 a multiple of 524?
True
Is 148360 a multiple of 30?
False
Is 42 a factor of 57708?
True
Does 12 divide 348632?
False
Is 403880 a multiple of 61?
False
Is 9 a factor of 4222350?
True
Is 161993 a multiple of 5?
False
Is 158 a factor of 6883744?
True
Does 16 divide 10160?
True
Does 10 divide 19739022?
False
Is 64 a factor of 133952?
True
Is 193 a factor of 2930687?
False
Is 508809 a multiple of 7?
True
Is 49 a factor of 3763395?
False
Is 150558 a multiple of 69?
True
Does 199 divide 3165095?
True
Is 191 a factor of 2669607?
True
Is 432610 a multiple of 59?
False
Does 36 divide 487562?
False
Is 61918 a multiple of 4?
False
Is 12 a factor of 4318823?
False
Is 360672 a multiple of 136?
True
Does 5 divide 269913?
False
Is 588 a factor of 1520568?
True
Is 56 a factor of 182042?
False
Is 1522195 a multiple of 55?
False
Is 997766 a multiple of 341?
True
Is 1950 a multiple of 390?
True
Is 757 a factor of 568507?
True
Is 2805440 a multiple of 88?
True
Is 429 a factor of 4718062?
False
Is 96109 a multiple of 15?
False
Does 7 divide 8214575?
False
Is 74465 a multiple of 42?
False
Is 149178 a multiple of 6?
True
Does 48 divide 1711717?
False
Is 12129194 a multiple of 11?
True
Is 55 a factor of 122296?
False
Is 1048479 a multiple of 3?
True
Is 30 a factor of 20220?
True
Does 1066 divide 1015898?
True
Does 410 divide 4382490?
True
Does 18 divide 923431?
False
Is 16 a factor of 1695658?
False
Does 12 divide 13692?
True
Is 14 a factor of 12033224?
True
Is 936588 a multiple of 4?
True
Does 8 divide 99732?
False
Is 3654 a multiple of 6?
True
Is 960463 a multiple of 27?
False
Is 11 a factor of 28349?
False
Is 195 a factor of 474240?
True
Is 4 a factor of 12688?
True
Is 527289 a multiple of 51?
True
Is 18 a factor of 12823560?
True
Does 624 divide 13965744?
True
Is 4808705 a multiple of 185?
True
Is 14613 a multiple of 3?
True
Is 10 a factor of 11266949?
False
Is 599070 a multiple of 15?
True
Does 10 divide 11128467?
False
Is 22 a factor of 225254?
False
Is 1081871 a multiple of 4?
False
Does 8 divide 85406?
False
Does 286 divide 6404970?
True
Does 11 divide 7788363?
True
Does 42 divide 400262?
False
Does 4 divide 8594?
False
Is 91134 a multiple of 83?
True
Is 89 a factor of 8366?
True
Is 3631155 a multiple of 672?
False
Is 10 a factor of 204209?
False
Does 20 divide 153040?
True
Is 4558592 a multiple of 64?
True
Is 3838050 a multiple of 54?
True
Is 40 a factor of 1173117?
False
Is 165794 a multiple of 38?
True
Is 21868 a multiple of 7?
True
Is 24 a factor of 393792?
True
Is 119658 a multiple of 22?
True
Is 47213 a multiple of 7?
False
Is 1935880 a multiple of 423?
False
Is 1643 a factor of 10769865?
True
Does 26 divide 1480076?
True
Is 6010594 a multiple of 65?
False
Is 33 a factor of 4783251?
True
Is 38269 a multiple of 22?
False
Is 41437 a multiple of 406?
False
Does 154 divide 4307226?
True
Does 29 divide 53303?
False
Does 19 divide 173705?
False
Does 124 divide 6072984?
False
Is 41 a factor of 389733?
False
Does 37 divide 989196?
False
Is 1255368 a multiple of 8?
True
Does 24 divide 9273708?
False
Is 244 a factor of 54158?
False
Is 9 a factor of 98478?
True
Does 30 divide 401527?
False
Is 557020 a multiple of 20?
True
Is 87 a factor of 13277302?
False
Does 47 divide 183911?
True
Is 16488 a multiple of 18?
True
Is 145180 a multiple of 119?
True
Is 24 a factor of 2087418?
False
Is 20 a factor of 10960?
True
Is 3520671 a multiple of 16?
False
Does 386 divide 427688?
True
Is 185246 a multiple of 51?
False
Is 1743105 a multiple of 18?
False
Does 30 divide 41015?
False
Does 19 divide 190795?
False
Is 122 a factor of 6995627?
False
Is 6 a factor of 4122845?
False
Does 6 divide 7575?
False
Is 469 a factor of 4780048?
True
Is 32604 a multiple of 44?
True
Does 4 divide 1192277?
False
Is 4 a factor of 10026372?
True
Does 22 divide 170368?
True
Is 533 a factor of 1575548?
True
Does 103 divide 339900?
True
Does 7 divide 2770?
False
Is 281 a factor of 3300862?
False
Is 1403324 a multiple of 26?
True
Is 101514 a multiple of 7?
True
Is 33 a factor of 4967523?
True
Does 111 divide 266051?
False
Does 27 divide 628253?
False
Is 145 a factor of 20142?
False
Is 7070 a multiple of 6?
False
Does 6 divide 5980242?
True
Is 107 a factor of 1655548?
False
Is 226 a factor of 1496346?
True
Is 9 a factor of 834471?
True
Does 5 divide 112285?
True
Does 119 divide 986392?
False
Is 17228 a multiple of 2?
True
Does 42 divide 1816326?
False
Is 23339 a multiple of 28?
False
Is 74542 a multiple of 38?
False
Is 42 a factor of 87804?
False
Does 176 divide 3032859?
False
Is 209 a factor of 4092429?
True
Is 40 a factor of 189330?
False
Does 10 divide 118090?
True
Does 7 divide 7387814?
True
Is 1372556 a multiple of 51?
False
Does 104 divide 294357?
False
Does 199 divide 181090?
True
Does 21 divide 1046661?
True
Does 37 divide 986141?
False
Is 51029 even?
False
Is 12 a factor of 2217442?
False
Is 46500 a multiple of 372?
True
Is 56 a factor of 608720?
True
Is 5354592 a multiple of 2316?
True
Does 18 divide 502020?
True
Is 1355161 a multiple of 11?
False
Is 553995 a multiple of 45?
True
Is 894 a factor of 2584554?
True
Is 17 a factor of 78608?
True
Does 194 divide 424292?
False
Is 655180 a multiple of 41?
True
Is 146 a factor of 763694?
False
Is 4 a factor of 5449?
False
Is 4098680 a multiple of 20?
True
Is 302 a factor of 10029722?
True
Does 8 divide 1514741?
False
Is 144 a factor of 45779?
False
Does 596 divide 279044?
False
Is 866 a factor of 364586?
True
Is 1428828 a multiple of 541?
False
Is 108 a factor of 1698895?
False
Does 27 divide 1190764?
False
Does 102 divide 45696?
True
Is 12951817 a multiple of 14?
False
Is 113 a factor of 460701?
True
Is 24338054 a multiple of 26?
True
Is 292479 a multiple of 236?
False
Is 343 a factor of 116756?
False
Is 44 a factor of 149778?
False
Does 10 divide 876439?
False
Does 259 divide 764304?
False
Does 182 divide 4927832?
True
Is 11 a factor of 7787345?
False
Is 8 a factor of 157572?
False
Does 4 divide 1192880?
True
Does 13 divide 149764?
False
Does 119 divide 504994?
False
Is 245 a factor of 702660?
True
Is 605572 a multiple of 290?
False
Is 625745 a multiple of 9?
False
Is 2739 a factor of 12089946?
True
Is 159628 a multiple of 14?
True
Is 541 a factor of 7228842?
True
Is 1022353 a multiple of 631?
False
Does 627 divide 114837?
False
Does 634 divide 362014?
True
Is 721 a factor of 1107499?
False
Does 127 divide 73750?
False
Is 1379472 a multiple of 15?
False
Is 38 a factor of 6232971?
False
Is 33 a factor of 103109?
False
Does 13 divide 2666339?
True
Does 47 divide 245237?
False
Is 777647 a multiple of 13?
True
Is 19 a factor of 183464?
True
Is 36864 a multiple of 96?
True
Does 20 divide 57860?
True
Is 47 a factor of 48694?
False
Is 26 a factor of 431366?
True
Is 